me factors of l?
17
Let i be 2/4 - 125/10. Let f be (-15)/i*8/1. What are the prime factors of f + (-2 - 2) + 2?
2
Let q be ((-14)/4)/((-7)/(-42)). Let a = -19 - q. Suppose 0 = 4*o - a*o - 10. List the prime factors of o.
5
Let j = -1266 - -1512. List the prime factors of j.
2, 3, 41
List the prime factors of 3/(4*(-21)/(-25256)).
2, 11, 41
Suppose 5*r + 8 = -0*l - l, 0 = r + l. List the prime factors of (11 + -1)/(r/(-11)).
5, 11
Let z(m) = m**3 - 2*m**2 + m - 102. Let k be z(0). What are the prime factors of (28/42)/((-4)/k)?
17
Suppose 0 = -4*j - 2 - 18. Let h be (-30)/j + 4*1. What are the prime factors of ((-24)/h)/((-3)/40)?
2
Suppose 8*t + 212 = 10*t. Suppose t = 5*o - 14. Suppose -6*w + 3*w = -o. List the prime factors of w.
2
What are the prime factors of (-2)/15 + (-152152)/(-390)?
2, 3, 5, 13
Let f(a) = -4*a**3 - 2*a**2 + a + 2. Let n be f(2). List the prime factors of (-666)/n - (-2)/(-4).
2, 3
Suppose f = -o + 3, 8 = -f + 5*o - 7. Suppose 22 = 3*h + 5*n, 4*n + 13 = h - f. What are the prime factors of h?
3
Suppose 2*o + 5 - 3 = 0, -5*o = 3*i - 475. What are the prime factors of i - 2*(0 - -2)?
2, 3, 13
Let c(s) = s**2 - 12*s + 14. Let a = 8 - -3. Let u be c(a). Suppose -5 = -u*i + 7. What are the prime factors of i?
2
Let c = 28 + 217. Let t = c - 165. List the prime factors of t.
2, 5
Let q be 42 - (2 - (1 - -2)). Let o = 116 - q. What are the prime factors of o?
73
Let t be ((-10)/10)/(2/(-316)*2). Let f = t - -96. List the prime factors of f.
5, 7
Suppose -3*y = -3*c + 27, 4*c = -0*y - 2*y + 18. Suppose 0 = -5*s + i + 182, -i + c = 3. List the prime factors of s.
37
Let y(f) be the second derivative of 5*f**4/4 + f**3/6 - 3*f**2/2 + 13*f. List the prime factors of y(2).
59
Let m = 10 + -9. List the prime factors of ((-36)/6 + 275)/(0 + m).
269
Let z(k) = -4*k - k**2 + k**2 - 1 - 3*k**3 + 2*k - k**2. Let l be z(-1). Suppose -l*j - 5*x = -61, -3*x + 41 = 3*j - 2*x. List the prime factors of j.
2, 3
Let w(z) = -4*z + 1. Let x be w(6). Let q = 20 - x. What are the prime factors of q?
43
Let l(o) = 15*o**3 + 11*o**2 + 6*o - 142. What are the prime factors of l(6)?
2, 5, 353
Let h = 11 + -6. Suppose 0 = -5*j - 227 + 277. Suppose 0 = 2*r - 4*q - 64, -h*q + j*q = -r + 53. List the prime factors of r.
2, 19
Let l(f) = -f**2 + 6*f + 5. Let a be l(-8). Let r = a - -193. List the prime factors of r.
2, 43
Let m(q) = 213*q - 9. Let n be m(7). Suppose 5*d - n = -d. Suppose -k + 4*w + 263 = 4*k, -4*w + d = 5*k. List the prime factors of k.
3, 17
Let p(i) = i - 1. Let n be p(3). Suppose -n = -t + 3. Suppose -5*g + 43 = h - 20, 179 = 3*h + t*g. What are the prime factors of h?
2, 29
Let k be ((-388)/2)/(2 + 6 - 6). Let l = k + 316. List the prime factors of l.
3, 73
Let m(f) = 176*f**2 - 9*f - 8. List the prime factors of m(-1).
3, 59
Let s = 422 + -377. List the prime factors of s.
3, 5
Let u(c) = -c**3 - 11*c**2 - 29*c + 5. Let a be u(-6). What are the prime factors of (-5 + 6)/(0 + a/(-67))?
67
Suppose -4*n + 3*n = 20. Let p be (-12)/(-66) - n/11. Suppose 0 = -2*v - 2*k + 38, -p*v + 2*k = -0*v - 42. List the prime factors of v.
2, 5
Suppose -2*q - 3*q = 5. What are the prime factors of (-134)/(-6) - ((-5)/3 - q)?
23
Suppose 2*o = 5*q - 724, -330 = -5*q + 3*o + 396. List the prime factors of q.
2, 3
Let j(y) = -6*y**2 + 4*y**3 + 2*y**2 + y + 2*y**2. Suppose 4*b + u - 5 = -2*u, b = -5*u - 3. List the prime factors of j(b).
2, 13
Let y = -297 - -635. What are the prime factors of y?
2, 13
Suppose -4*k + 5*l + 7374 = 0, 2*k + 2*l = -2*k + 7360. What are the prime factors of k?
7, 263
Let i be 4/(-24) - (-2)/12. Suppose g + 23 - 10 = i. Let k = g + 44. What are the prime factors of k?
31
List the prime factors of (-26)/299 + 84188/92.
3, 5, 61
Suppose -121 = -18*n + 17*n. What are the prime factors of n?
11
Let a be ((-18)/(-9))/(1 - 1/2). Suppose -3*i + 99 = 3*v, 4*i - i - 131 = -a*v. What are the prime factors of v?
2
Let q be ((-5)/2 - -3)*-2. Let y be (q - 0) + -1 + 99. Suppose -4*c + 5*k = -y, 4*c - 94 = -k + 3*k. What are the prime factors of c?
23
Suppose -n + 450 = -285. List the prime factors of n.
3, 5, 7
Let g(q) = -11*q**3 + 5*q**2 - 23*q + 13. List the prime factors of g(-5).
2, 11, 37
Suppose 2 = -3*q + 11. Suppose -4*m - 85 = -653. Suppose p + 184 = 5*h, -3*h - q*p = -m + 46. List the prime factors of h.
2, 3
List the prime factors of -636*(3 + (-14)/3).
2, 5, 53
List the prime factors of ((-56)/42)/(-3*(-6)/(-30969)).
2, 31, 37
Suppose -2*g = -5*u + 18, u = -g + 2 + 3. Suppose -316 = -u*j + 1668. List the prime factors of (-2)/(-7) + j/28.
2, 3
Suppose n + 4*i = 16, -6*i + 2*i - 16 = -3*n. Let u be (1 - 0) + n + -7. Suppose 0 = -u*x + 27 - 7. What are the prime factors of x?
2, 5
Suppose 3*l + 0*p - 818 = 4*p, 4*l = 3*p + 1100. Suppose -5*f - l = -853. List the prime factors of (-1)/(-2) + f/10.
2, 3
List the prime factors of (10704/32)/(6/4).
223
Let l(j) = 13*j**3 - j**2 - 2*j + 2. Let g = 13 - 11. What are the prime factors of l(g)?
2, 7
Suppose -9*k + 136 = 1. Suppose -k*v + 550 = -1055. List the prime factors of v.
107
Suppose -2*u + 2*j + 3*j = 14, 8 = -4*j. Let n(c) = -c**2 - 13*c - 2. What are the prime factors of n(u)?
2, 5
Suppose 2 = b, -38*a + 41*a - 2*b = 281. Let u(s) = -3*s**3 + 4*s**2 - 3*s + 3. Let h be u(3). Let d = a + h. What are the prime factors of d?
2, 11
Let h be (-2)/(6/(-3)) + 1. Suppose -h*g - 2*k - 62 = 2*k, -78 = 2*g - 4*k. List the prime factors of g/(-2)*(-24)/(-15).
2, 7
Let c(n) = -15*n - 55. Let p = -97 - -81. List the prime factors of c(p).
5, 37
Suppose 11*o - 4*o = 1778. What are the prime factors of o?
2, 127
Let u be (-1)/(-2)*(1 + -1). Let w = 97 - 85. Suppose u = -2*p - 0*p + w. List the prime factors of p.
2, 3
Suppose 0 = -3*w - k + 11, 6 = 4*w - 3*k + 13. Suppose w*b = -2 + 12. Suppose b*h = -2*s + 30, -5*s + h + h + 104 = 0. What are the prime factors of s?
2, 5
Suppose 0 = 2*p + 19 + 33. Let i = p - -31. Suppose -254 = -i*w + 101. List the prime factors of w.
71
Suppose 0 = 4*g + 3*m - 8181, 4*g - 4080 = 2*g + 2*m. List the prime factors of g.
3, 227
Let b(m) = -m**3 + 11*m**2 + 23*m - 19. List the prime factors of b(11).
2, 3, 13
Let d(r) = -3*r - 12. Let p(s) = -14*s - 2. Let x(z) = -3*z - 14. Let m be x(-5). Let q be p(m). What are the prime factors of d(q)?
2, 3
Let t = -259 + 173. Let x = t - -380. List the prime factors of x.
2, 3, 7
Suppose -62 - 7750 = -9*i. List the prime factors of i.
2, 7, 31
Let p(m) = 234*m**2 + 34*m + 7. List the prime factors of p(-3).
2011
Suppose -4*r = -571 + 91. Let d = r + -63. What are the prime factors of d?
3, 19
Suppose -5*k + 0*u - 3*u - 41 = 0, 31 = -3*k - 5*u. What are the prime factors of k/(70/15)*564/(-9)?
2, 47
Let u(i) = -3*i. Let h(q) = -4*q. Let z(y) = 5*h(y) - 6*u(y). Let l be z(-1). Suppose l*p = -2*p + j + 27, p - 13 = -j. What are the prime factors of p?
2
Let g(b) = b**3 - 10*b**2 + 11*b + 4. Let o be g(9). Suppose -4*u + u = -2*j + 19, 2*j - 4*u = o. List the prime factors of 5/(-3 + 16/j).
5
Let t = 21 - 5. Let w be 3 - (-61)/1*1. Suppose t + w = 2*b. List the prime factors of b.
2, 5
Let y(v) = 9*v - 72. List the prime factors of y(14).
2, 3
Let d(u) = -5 + 0 + 0*u**3 - 3*u**2 - 5*u - u**3 + 2. Let i = -22 - -19. What are the prime factors of d(i)?
2, 3
Suppose 0 = 7*q + q - 176. Suppose 19*p - q*p = -69. What are the prime factors of p?
23
Let z(j) = 5 + 2 + 4*j - 2 - 2. Let k be z(-2). List the prime factors of k/((-5 - -1)/20).
5
Suppose 0*q + 5*w + 59 = q, -4*q - 4*w + 212 = 0. List the prime factors of (q/(-45))/(1/(-40)).
2, 3
Suppose 96 - 3632 = -4*f. List the prime factors of f.
2, 13, 17
Let k be (-1)/(-4) - (-3062)/8. Suppose 0*u - 4*q + k = 5*u, 4*q = -12. Let w = u + -55. List the prime factors of w.
2, 3
Let z(k) = -8*k - 30. Let t be z(-12). Let r = 100 - t. What are the prime factors of r?
2, 17
Let w = 55 + -39. Suppose 10 = q + 7. Let i = q + w. What are the prime factors of i?
19
Suppose 144*f = 162*f - 57060. List the prime factors of f.
2, 5, 317
What are the prime factors of 22 + -18 + (-21 + 1)*-44?
2, 13, 17
Let t be 4 + -1 - (-5 + 2) - 1. Suppose 0 = -t*p - 4*h + 773, 3*h = -3*p + 4*p - 147. List the prime factors of p.
3, 17
Let z(w) = -7*w**3 + 2*w**2 + 6*w - 7. Let s be z(3). What are the prime 